- -73).
14
What is -49 + 47 - 0 - (1 - 2 - -47)?
-48
Calculate (27 - (29 - (7 + 11))) + -107 + -3.
-94
Evaluate -44 - -5 - (-157 - -86).
32
What is 25 - (7 + 8 + -27 - -27)?
10
What is 27 + -31 + 10 - 39?
-33
64 + -73 - (58 + -10) - ((2 - 12) + -1)
-46
-3 + 16 + (-1 - (-2 + 2)) + -11909 + 11939
42
What is -58 + (24 - 38 - -2 - ((-1 - 0) + 0))?
-69
What is the value of (-28 - 2) + -31 + 27 + 19 - 19?
-34
Evaluate (22 - -155 - 47) + (-8 - -9) + 0.
131
Evaluate (-24 - -22) + 1 - (-7 + 10 - -42).
-46
-35 - (-26 + (-25 - (-14 + 27)))
29
Calculate -38 - (65 + -37) - -110.
44
What is the value of (76 - 11) + -24 + (-34 - -35)?
42
What is the value of (-13 - -5) + (9 - (12 - (2 - -2)))?
-7
Evaluate -1 + -15 - (1 + (-8 - 3 - 4 - -14)).
-16
What is (-5 - ((-18 - -33) + -6)) + 75?
61
-285 + 283 + (1 - 1) + 2
0
(1 - (-69 + (16 - 17) + 13)) + -1
57
Evaluate (38 - 15) + (-26 - 11).
-14
-5 + (1 - 2 - (23 + -1 + -10) - 3)
-21
Calculate (5 - (-2 + 29)) + 1366 + -1390.
-46
1 - (0 + -23 - 42 - -5)
61
-17 + (22 - (-12 - (-13 + -58)))
-54
Evaluate 20 - (-1 + 8 + -4 + (-27 - -19 - -11)).
14
Evaluate (-48 - 17) + 20 + 2 + -2.
-45
Calculate 2 + 1 - (5 + -5) - (0 - (54 + -18)).
39
What is (15 + 39 - 48) + 16 + 5?
27
Calculate 3 + (3 - 17) + 4 + (-30 - 29).
-66
Calculate -10 - (-361 + 363 - (1 - 6)).
-17
-49 + 0 + (-2 - (0 + -7) - (278 + -263))
-59
-2 - -1 - ((8 - (-38 - (-6 - 2))) + -9)
-30
-18 - (-1 - 0) - (-22 + -25 + 35 + 17)
-22
Evaluate 2986 - 3029 - (-8 - 0).
-35
60 + (-223 - -91) + -35
-107
What is the value of -1 - (-13 - -19) - (-34 + 79)?
-52
Evaluate 4 + -38 + 8 + 71.
45
What is the value of 8 + (-13 - (8 + 35) - -14)?
-34
What is (-33 - (-36 + -19) - -7) + 31?
60
What is 19 + (-62 + 34 - -82)?
73
Calculate -16 + 8 + (5 - (25 + -13)) - 1.
-16
Evaluate 7 - (13 - (4 + -1) - -1).
-4
What is (-3 - -13) + 33 + 19 + -12?
50
147 - 135 - (-28 - -6) - (4 - -2)
28
What is the value of 36 + -101 + 105 + -5?
35
Evaluate (-34 - -24 - 10) + 35 + (-32 - -1) + 1.
-15
Calculate (-49 - -111 - 82) + -13.
-33
-34 + -12 + 38 - -25
17
Calculate 2 + 17 - (-79 + 64 + 35) - (-14 - -3).
10
What is the value of (-37 - 3 - -11) + 38 + -12 + -6?
-9
What is the value of 7 + 3 + (-2 - (11 - 24)) + -11?
10
Evaluate (1 + -2 - 0) + -26 + 56 + (164 - 160).
33
Evaluate -713 + 635 + -1 + 2.
-77
What is 113 + (-149 - -54) - -14?
32
Evaluate 23 + (-13 + (-9 - -5 - -7) - (-106 + 89)).
30
What is (-58 - -5) + -13 + (17 + 1 - -6)?
-42
What is (18 - (117 - -6)) + 22 + 24?
-59
What is the value of 10 - (13 + 12 + -30 - -3)?
12
Calculate (-2 - -1 - -18) + -7 + 26.
36
What is -56 - -85 - (-40 + -2) - -4?
75
What is the value of 1 - (-5 - 3 - (8 + -4) - (60 - 112))?
-39
What is the value of (-157 - -288) + -203 - 55?
-127
Evaluate -27 - ((5 - (-13 + 19)) + -20) - (-3 + 112).
-115
Evaluate 11 - ((13 - 44) + 45 + (1 - -8)) - 6.
-18
(-3 + 1 - 8) + (12 - 32) + -4
-34
Calculate 2 + (-6 + 7 + -9 - -1 - -3) + 8.
6
What is the value of 27 + (-4 + -5 + 4 - (65 + -76))?
33
Evaluate 13 + 45 + -132 + 83.
9
What is 70 + (1 - (32 - (-7 + 23)))?
55
What is -2 + (-4 + 4 - 4 - (30 - 24)) - -116?
104
What is -19 + (15 - -1) + -47 - (15 + 1)?
-66
19 + (-15 - (-18 - -35)) - 100
-113
What is -6 - (21 + -19 - -3 - (55 + -2 + 0))?
42
(88 - 40) + -193 + (1 - 0 - (-13 - -10))
-141
What is the value of 133 - (-7 + 0) - (14 + (22 - 31))?
135
What is the value of (5 - 50) + (2 + -1 + -13 - -12)?
-45
What is -12 + (173 - 29) - (8 - -24)?
100
-61 - (-34 + -53 + 10)
16
Calculate -40 + 3 + (27 - (21 - -7) - (-2 - -13)).
-49
Calculate 11 - (-1 + 7 - 1 - -6) - (-31 + -1).
32
What is (-15 + 32 - 4) + -2 + 33 + -6?
38
Evaluate -22 + (-37 - (-111 + 43)) - -10.
19
Calculate -32 + (0 - -44) + (2 - -3) + 14.
31
Calculate (9 - (-122 + 5 + 7)) + -13 + (-9 - -10).
107
What is the value of 13 - -1 - (28 - (-23 - -74))?
37
4 + -1 - (8 + -67 + 18)
44
80 + 14 - 34 - 26
34
(-3 - (-23 + 12 + 11)) + -78 + -7 + 22
-66
What is the value of (-1 - -6) + (1347 - 1290)?
62
What is the value of -51 + 61 + (-10 - -5) - (1 + 1 - 20)?
23
Calculate 435 - 344 - (-9 + 201).
-101
What is (30 + -22 - -16 - 36) + -37?
-49
What is the value of 28 - (-30 - -13) - -18?
63
What is the value of 7 - ((7 - (-13 - -10)) + -8 + 77 + 3)?
-75
What is -24 + 68 + 10 + -4 + -9?
41
Calculate (-63 - -94) + (-80 - (-2 + -12)).
-35
Evaluate (-5 - ((6 - -3) + -15)) + -108 + 8 + -1.
-100
What is 58 - 82 - (-23 + (3 - 85))?
81
Evaluate (2 - 0 - -1 - (-91 + 100 - 85)) + -2.
77
What is the value of (1 - 17 - -9) + -12 + -11?
-30
What is the value of -13 - (-2 - ((-7 - -20) + -12))?
-10
What is the value of 1 + 11 + 1 + (39 + 1 - (-213 - -228))?
38
(9 + -3 - ((-8 - (18 + -35)) + -3)) + 38
38
What is -18 + 19 + -7 + 12 - (-4 - 11)?
21
What is 49 + -41 - ((3 - (6 - 5)) + -2)?
8
Calculate 10 + 10 + 57 + -52.
25
What is 17 + -24 + (-15 + 82 - 24)?
36
Evaluate -4 + -43 - ((4 - (16 + -5)) + 3).
-43
What is -226 + -57 + 132 + 30 + 4?
-117
Calculate -1 - -4 - -51 - (5010 - 5008).
52
Evaluate -43 + (1 - -48) + (10 - 3) + -4 + 74.
83
What is 14 + (-1 - (38 - 14))?
-11
Evaluate -13 - (-4 + 17 + -26 + 7) - 8.
-15
Calculate ((-6 - 3) + 0 - 122) + (461 - 438).
-108
What is -12 + -25 + -9 + (-5 - -1) + -1?
-51
Evaluate 5 + 13 + 5 + (23 - (-3 + 39)).
10
What is the value of (7 - -1 - -5) + -24 - -1 - (7 - 0)?
-17
What is 20 - (2 - 7 - -12) - (-81 - -91)?
3
What is -131 - (43 + -190 - -63)?
-47
57 + (-7 - -4) + 8 + -3 + (-113 - -105)
51
Calculate -17798 + 17905 + (-169 - 1).
-63
Calculate -2790 - -2804 - (85 + (2 - 2 - 0)).
-71
What is the value of 21 - (16 - 8) - (12 + (-52 - (-2 - -12)))?
63
-7 + (2 - (-3 + -2 + 12 - 3))
-9
Evaluate (86 - 76) + (-12 - (3 + -5)) + 36.
36
What is the value of (-14 - (-14 + -4) - 1) + 0 + 12 - -16?
31
51 - ((58 - -51) + -131)
73
What is (9 - 10) + (-70 + 113 - 34)?
8
What is the value of 21 + ((-15 - -34) + -21 - 12)?
7
Calculate (6 - -5) + 34 + (-4 - 29).
12
Evaluate 23 - (-19 - (11 + (8 - 23))).
38
100 + (2 - 2 - 1) - (-19520 - -19522)
97
Evaluate -30 + (-23 - -22) - -8 - -104.
81
What is the value of 5851 + -5836 + -44 + 0?
-29
Calculate (15 - (21 - 40 - 44)) + -3.
75
(-32 - -34) + 22 + -19
5
Calculate -54 + -113 + 57 + 62.
-48
Calculate -34 + (-12 + 4 - -6) + 16 - 5.
-25
What is the value of -110 + 113 + 112 - (38 - 0)?
77
Calculate 58 + (-63 - 77) + -2 + 0 + 11 + -2.
-75
(-384 - -389) + (1 - -7) - 13
0
What is the value of 2 + -1 + (-20 - (-12 + -14)) + (-66 - -6)?
-53
What is the value of 651 + -639 - (-41 - -4)?
49
(-13 - (-88 + 71)) + (1 - 2)
3
Calculate (0 - (0 - -15)) + -112 + 290 + -47.
116
Calculate 139 + -183 + 9 + -1 + -12 + 4.
-44
(16 - 26) + 10 + (-9 + 6 - 10)
-13
Calculate (-3 + 0 - (8 + -25)) + -180 + 109.
-57
Calculate -40 - (-4 + 14 + -27 - 6).
-17
117 - 129 - (2 + -3 + (-3 - 4))
-4
Calculate -61 + 9 + 59 + 2.
9
What is the value of (-4 - (4 - (-84 - 3))) + -31 + (135 - 88)?
-79
What is the value of 20 - (33 + 36 + -12)?
-37
What is the value of (30 - 55) + 19 - -40?
34
What is the value of (-2 + -9 - -46 - 4 - -16) + -1 + 7?
53
What is the value of -3 + -7 - ((-61 - 73) + 146)?
-22
(22 - (11 - -5)) + (-50 - 11)
-55
686 + -629 - (2 - -27)
28
What is the value of (-36 - -44 - 42) + (38 - 5)?
-1
-1 + 4 - (49 + (45 - 20)) - -6
-65
What is the value of 0 + 9 - (-54 + -9 + -7 + -3)?
82
What is (-72 - -92 - -116) + -110?
26
What is -3 + 2 - 146 - (193 - (126 - -91))?
-123
What is the value of (-32 - (-2 + -8 + -9)) + 13?
0
Calculate -15 - -20 - (-9 + -3 - (-70 + 72)).
19
Evaluate -6 + (3 - -12) + -80 + 65 - -11.
5
Calculate -327 - -127 - -62 - -116.
-22
Evaluate -2 + (16 - 3) + 0 + -8 + -32.
-29
77 - ((13 - -9) + -15 + -4)
74
Evaluate (-20 - (-83 - 1)) + -36.
28
Evaluate 90 - (-45 - -63) - 60.
12
What is the value of -1 + -58 - (-7 - (3 + 7 - (-16 + 31)))?
-57
Evaluate -23 + 18 + 16 + 56 + -33.
34
Evaluate -23 + -131 + 65 - -67.
-22
What is the value of -40 + (16 + 6 - -17) + -20?
-21
What is the value of -158 + 55 - -334 - 105?
126
What is 93 - 0 - (-189 + 157 + 46)?
79
What is (6 - 8 - 10) + (5 - 12) + (-7 - -1)?
-25
What is (3 - -1) + (34 - -17 - 33)?
22
Calculate 9 + 131 + (7 - 5 - 4) - (16 + -3).
125
What is the value of 2042 + -2000 - (59 - 0)?
-17
Calculate -310 + 304 - (-1 + 1 + 1).
-7
What is -192 + (-13 - (110 - 217))?
-98
What is the value of (40